36934013?
6
What is the ten thousands digit of 224517?
2
What is the ten thousands digit of 259723?
5
What is the hundred thousands digit of 6419254?
4
What is the hundreds digit of 29711?
7
What is the units digit of 6672344?
4
What is the units digit of 601269?
9
What is the hundreds digit of 4765?
7
What is the thousands digit of 108964?
8
What is the tens digit of 56837?
3
What is the tens digit of 204585?
8
What is the hundred thousands digit of 3050709?
0
What is the hundreds digit of 71803?
8
What is the tens digit of 569530?
3
What is the thousands digit of 1565985?
5
What is the hundreds digit of 4910351?
3
What is the units digit of 358230?
0
What is the thousands digit of 679135?
9
What is the thousands digit of 28620?
8
What is the ten thousands digit of 6380152?
8
What is the units digit of 19114191?
1
What is the hundred thousands digit of 2439059?
4
What is the hundred thousands digit of 570689?
5
What is the thousands digit of 2158633?
8
What is the ten thousands digit of 257004?
5
What is the ten thousands digit of 5390951?
9
What is the hundreds digit of 3054424?
4
What is the hundred thousands digit of 1785572?
7
What is the ten thousands digit of 4533366?
3
What is the thousands digit of 4903796?
3
What is the hundreds digit of 3896940?
9
What is the hundred thousands digit of 325067?
3
What is the ten thousands digit of 3349070?
4
What is the hundred thousands digit of 1224139?
2
What is the tens digit of 634477?
7
What is the tens digit of 3717436?
3
What is the hundred thousands digit of 5536873?
5
What is the tens digit of 163082?
8
What is the tens digit of 27447918?
1
What is the tens digit of 3586556?
5
What is the hundreds digit of 2413231?
2
What is the hundred thousands digit of 376431?
3
What is the millions digit of 30028605?
0
What is the units digit of 144258?
8
What is the millions digit of 6516314?
6
What is the tens digit of 8011?
1
What is the hundreds digit of 3948548?
5
What is the hundreds digit of 698851?
8
What is the units digit of 6348846?
6
What is the ten thousands digit of 8366929?
6
What is the hundred thousands digit of 266979?
2
What is the thousands digit of 82185?
2
What is the units digit of 6389652?
2
What is the thousands digit of 295381?
5
What is the tens digit of 233239?
3
What is the tens digit of 179398?
9
What is the hundreds digit of 2593206?
2
What is the hundred thousands digit of 415390?
4
What is the ten thousands digit of 181277?
8
What is the units digit of 12741843?
3
What is the hundred thousands digit of 882229?
8
What is the tens digit of 503420?
2
What is the hundreds digit of 148548?
5
What is the units digit of 1147038?
8
What is the units digit of 2430099?
9
What is the thousands digit of 813345?
3
What is the hundreds digit of 221474?
4
What is the ten millions digit of 15402172?
1
What is the hundreds digit of 13195228?
2
What is the units digit of 7573?
3
What is the tens digit of 237526?
2
What is the thousands digit of 4485644?
5
What is the hundreds digit of 1015038?
0
What is the hundred thousands digit of 27094529?
0
What is the ten thousands digit of 7270366?
7
What is the hundred thousands digit of 2008150?
0
What is the hundred thousands digit of 303436?
3
What is the units digit of 333453?
3
What is the tens digit of 93262?
6
What is the thousands digit of 417139?
7
What is the ten thousands digit of 411171?
1
What is the hundreds digit of 509531?
5
What is the hundreds digit of 180087?
0
What is the hundred thousands digit of 378296?
3
What is the hundreds digit of 4785070?
0
What is the units digit of 1741269?
9
What is the thousands digit of 3680720?
0
What is the ten thousands digit of 1716656?
1
What is the hundreds digit of 563115?
1
What is the thousands digit of 325942?
5
What is the thousands digit of 1190608?
0
What is the ten millions digit of 20866189?
2
What is the thousands digit of 931342?
1
What is the units digit of 1717531?
1
What is the hundred thousands digit of 31345487?
3
What is the ten thousands digit of 989002?
8
What is the units digit of 716582?
2
What is the ten thousands digit of 3447582?
4
What is the tens digit of 17091099?
9
What is the thousands digit of 2525594?
5
What is the thousands digit of 5697101?
7
What is the tens digit of 37300?
0
What is the hundreds digit of 70801?
8
What is the ten thousands digit of 367467?
6
What is the hundreds digit of 10300308?
3
What is the hundred thousands digit of 1027921?
0
What is the tens digit of 121061?
6
What is the thousands digit of 308001?
8
What is the ten thousands digit of 2451626?
5
What is the hundreds digit of 1118395?
3
What is the units digit of 30051?
1
What is the millions digit of 1015044?
1
What is the tens digit of 3648644?
4
What is the ten thousands digit of 62214?
6
What is the thousands digit of 470591?
0
What is the hundred thousands digit of 14365690?
3
What is the tens digit of 2315348?
4
What is the thousands digit of 84620?
4
What is the hundreds digit of 457285?
2
What is the millions digit of 1042096?
1
What is the hundreds digit of 11548742?
7
What is the hundred thousands digit of 915008?
9
What is the thousands digit of 81913?
1
What is the units digit of 8245709?
9
What is the millions digit of 23744557?
3
What is the ten thousands digit of 38342?
3
What is the units digit of 7886709?
9
What is the hundreds digit of 129455?
4
What is the tens digit of 4401954?
5
What is the ten thousands digit of 91454?
9
What is the units digit of 4729338?
8
What is the tens digit of 12763699?
9
What is the tens digit of 37839838?
3
What is the tens digit of 614035?
3
What is the hundred thousands digit of 101951?
1
What is the ten thousands digit of 3474623?
7
What is the units digit of 57770?
0
What is the ten thousands digit of 455194?
5
What is the tens digit of 6330236?
3
What is the units digit of 804972?
2
What is the thousands digit of 2106486?
6
What is the thousands digit of 958701?
8
What is the millions digit of 8476900?
8
What is the tens digit of 88951?
5
What is the ten thousands digit of 4746527?
4
What is the units digit of 80205?
5
What is the units digit of 566567?
7
What is the hundred thousands digit of 296945?
2
What is the hundred thousands digit of 2294997?
2
What is the ten thousands digit of 43983510?
8
What is the ten thousands digit of 12257?
1
What is the hundreds digit of 1139146?
1
What is the hundred thousands digit of 1272567?
2
What is the tens digit of 1601660?
6
What is the thousands digit of 2786468?
6
What is the hundred thousands digit of 30254378?
2
What is the hundred thousands digit of 3684922?
6
What is the units digit of 3896078?
8
What is the hundred thousands digit of 3881984?
8
What is the hundreds digit of 12376653?
6
What is the units digit of 870872?
2
What is the ten thousands digit of 4270143?
7
What is the thousands digit of 1651651?
1
What is the hundred thousands digit of 2184303?
1
What is the hundred thousands digit of 2154605?
1
What is the thousands digit of 1802389?
2
What is the units digit of 4491681?
1
What is the ten thousands digit of 1288275?
8
What is the millions digit of 1458326?
1
What is the hundreds digit of 120023?
0
What is the hundreds digit of 17908582?
5
What is the tens digit of 6907601?
0
What is the hundreds digit of 11128509?
5
What is the millions digit of 20302225?
0
What is the ten thousands digit of 1468979?
6
What is the hundreds digit of 1526950?
9
What is the thousands digit of 158507?
8
What is the ten thousands digit of 1748577?
4
What is the hundred thousands digit of 749006?
7
What is the thousands digit of 307967?
7
What is the tens digit of 107835?
3
What is the ten thousands digit of 6838485?
3
What is the hundred thousands digit of 672433?
6
What is the ten thousands digit of 123720?
2
What is the units digit of 200135?
5
What is the units digit of 8265893?
3
What is the tens digit of 21067?
6
What is the thousands digit of 111456?
1
What is the ten thousands digit of 214576?
1
What is the ten thousands digit of 582558?
8
What is the hundreds digit of 2036750?
7
What is the thousands digit of 8768148?
8
What is the tens digit of 156226?
2
What is the hundreds digit of 433033?
0
What is the ten thousands digit of 659869?
5
What is the hundred thousands digit of 26402